 prime factors of 1787?
1787
List the prime factors of 34390.
2, 5, 19, 181
List the prime factors of 2520.
2, 3, 5, 7
List the prime factors of 60338.
2, 30169
What are the prime factors of 7182?
2, 3, 7, 19
List the prime factors of 30063.
3, 11, 911
What are the prime factors of 591?
3, 197
List the prime factors of 25881.
3, 8627
What are the prime factors of 1004?
2, 251
List the prime factors of 5696.
2, 89
List the prime factors of 517.
11, 47
What are the prime factors of 1935?
3, 5, 43
List the prime factors of 1995.
3, 5, 7, 19
What are the prime factors of 25150?
2, 5, 503
List the prime factors of 22732.
2, 5683
List the prime factors of 181.
181
What are the prime factors of 4295?
5, 859
List the prime factors of 1102.
2, 19, 29
What are the prime factors of 3441?
3, 31, 37
List the prime factors of 36453.
3, 29, 419
What are the prime factors of 2306?
2, 1153
What are the prime factors of 1230?
2, 3, 5, 41
What are the prime factors of 595?
5, 7, 17
List the prime factors of 51868.
2, 12967
What are the prime factors of 38159?
11, 3469
List the prime factors of 41101.
23, 1787
What are the prime factors of 687?
3, 229
List the prime factors of 43.
43
What are the prime factors of 221?
13, 17
List the prime factors of 1300.
2, 5, 13
What are the prime factors of 1312?
2, 41
List the prime factors of 238.
2, 7, 17
What are the prime factors of 298?
2, 149
List the prime factors of 340.
2, 5, 17
List the prime factors of 4107.
3, 37
List the prime factors of 4975.
5, 199
What are the prime factors of 64290?
2, 3, 5, 2143
What are the prime factors of 7821?
3, 11, 79
List the prime factors of 6123.
3, 13, 157
List the prime factors of 9883.
9883
List the prime factors of 418.
2, 11, 19
List the prime factors of 2429.
7, 347
What are the prime factors of 53699?
53699
List the prime factors of 1797.
3, 599
What are the prime factors of 520?
2, 5, 13
What are the prime factors of 9991?
97, 103
List the prime factors of 160075.
5, 19, 337
List the prime factors of 2941.
17, 173
List the prime factors of 1028.
2, 257
List the prime factors of 592.
2, 37
List the prime factors of 127355.
5, 25471
What are the prime factors of 35650?
2, 5, 23, 31
What are the prime factors of 7497?
3, 7, 17
What are the prime factors of 4000?
2, 5
List the prime factors of 4124.
2, 1031
List the prime factors of 56278.
2, 19, 1481
List the prime factors of 153903.
3, 29, 61
What are the prime factors of 6456?
2, 3, 269
List the prime factors of 913.
11, 83
List the prime factors of 78116.
2, 59, 331
What are the prime factors of 117624?
2, 3, 13, 29
List the prime factors of 3155.
5, 631
List the prime factors of 31677.
3, 10559
What are the prime factors of 1579?
1579
List the prime factors of 39172.
2, 7, 1399
What are the prime factors of 42395?
5, 61, 139
What are the prime factors of 14317?
103, 139
List the prime factors of 1628.
2, 11, 37
What are the prime factors of 1177?
11, 107
What are the prime factors of 68668?
2, 17167
What are the prime factors of 1163?
1163
What are the prime factors of 227?
227
What are the prime factors of 33084?
2, 3, 919
List the prime factors of 842.
2, 421
What are the prime factors of 4874?
2, 2437
What are the prime factors of 124757?
73, 1709
List the prime factors of 11207.
7, 1601
List the prime factors of 6028.
2, 11, 137
List the prime factors of 3760.
2, 5, 47
What are the prime factors of 10538?
2, 11, 479
List the prime factors of 35250.
2, 3, 5, 47
What are the prime factors of 1703?
13, 131
What are the prime factors of 1764?
2, 3, 7
What are the prime factors of 2677?
2677
List the prime factors of 6001.
17, 353
What are the prime factors of 7041?
3, 2347
What are the prime factors of 1451?
1451
What are the prime factors of 212?
2, 53
List the prime factors of 10442.
2, 23, 227
List the prime factors of 183.
3, 61
List the prime factors of 5502.
2, 3, 7, 131
List the prime factors of 4677.
3, 1559
What are the prime factors of 78748?
2, 19687
List the prime factors of 2239.
2239
What are the prime factors of 9248?
2, 17
List the prime factors of 11178.
2, 3, 23
List the prime factors of 66143.
7, 11, 859
List the prime factors of 1093.
1093
What are the prime factors of 5884?
2, 1471
What are the prime factors of 15665?
5, 13, 241
List the prime factors of 329.
7, 47
What are the prime factors of 1616?
2, 101
What are the prime factors of 601?
601
List the prime factors of 13977.
3, 1553
List the prime factors of 26666.
2, 67, 199
What are the prime factors of 1279?
1279
List the prime factors of 1980.
2, 3, 5, 11
List the prime factors of 801.
3, 89
What are the prime factors of 2732?
2, 683
List the prime factors of 175.
5, 7
What are the prime factors of 57895?
5, 11579
What are the prime factors of 6412?
2, 7, 229
List the prime factors of 1040.
2, 5, 13
List the prime factors of 39073.
41, 953
What are the prime factors of 464?
2, 29
What are the prime factors of 323?
17, 19
What are the prime factors of 47712?
2, 3, 7, 71
List the prime factors of 44410.
2, 5, 4441
List the prime factors of 12886.
2, 17, 379
What are the prime factors of 2707?
2707
What are the prime factors of 1333?
31, 43
List the prime factors of 1174.
2, 587
List the prime factors of 29391.
3, 97, 101
List the prime factors of 113710.
2, 5, 83, 137
What are the prime factors of 7280?
2, 5, 7, 13
What are the prime factors of 326?
2, 163
List the prime factors of 4477.
11, 37
List the prime factors of 3780.
2, 3, 5, 7
What are the prime factors of 2555?
5, 7, 73
What are the prime factors of 43932?
2, 3, 7, 523
List the prime factors of 2236.
2, 13, 43
What are the prime factors of 7794?
2, 3, 433
List the prime factors of 14234.
2, 11, 647
What are the prime factors of 34727?
7, 11, 41
What are the prime factors of 14770?
2, 5, 7, 211
What are the prime factors of 7441?
7, 1063
What are the prime factors of 16971?
3, 5657
List the prime factors of 175.
5, 7
List the prime factors of 598.
2, 13, 23
What are the prime factors of 2883?
3, 31
List the prime factors of 205.
5, 41
What are the prime factors of 38360?
2, 5, 7, 137
List the prime factors of 7321.
7321
List the prime factors of 4683.
3, 7, 223
What are the prime factors of 818?
2, 409
List the prime factors of 5383.
7, 769
List the prime factors of 1108.
2, 277
What are the prime factors of 2661?
3, 887
What are the prime factors of 705?
3, 5, 47
List the prime factors of 76728.
2, 3, 23, 139
What are the prime factors of 2301?
3, 13, 59
List the prime factors of 1381.
1381
What are the prime factors of 1663?
1663
What are the prime factors of 17875?
5, 11, 13
What are the prime factors of 568?
2, 71
List the prime factors of 4534.
2, 2267
What are the prime factors of 47?
47
List the prime factors of 155187.
3, 43, 401
What are the prime factors of 6644?
2, 11, 151
What are the prime factors of 3255?
3, 5, 7, 31
List the prime factors of 117.
3, 13
List the prime factors of 9757.
11, 887
List the prime factors of 4871.
4871
What are the prime factors of 4924?
2, 1231
List the prime factors of 797.
797
What are the prime factors of 108344?
2, 29, 467
List the prime factors of 99500.
2, 5, 199
What are the prime factors of 4051?
4051
What are the prime factors of 12599?
43, 293
What are the prime factors of 1382?
2, 691
List the prime factors of 7212.
2, 3, 601
What are the prime factors of 2064?
2, 3, 43
List the prime factors of 453.
3, 151
List the prime factors of 22166.
2, 11083
List the prime factors of 1880.
2, 5, 47
List the prime factors of 100.
2, 5
What are the prime factors of 77392?
2, 7, 691
List the prime factors of 1139.
17, 67
What are the prime factors of 16297?
43, 379
What are the prime factors of 10909?
10909
What are the prime factors of 2009?
7, 41
What are the prime factors of 1294?
2, 647
List the prime factors of 32359.
32359
List the prime factors of 1622.
2, 811
List the prime factors of 4723.
4723
List the prime factors of 13862.
2, 29, 239
List the prime factors of 3515.
5, 19, 37
What are the prime factors of 193369?
11, 17579
List the prime factors of 2308.
2, 577
What are the prime factors of 64102?
2, 32051
What are the prime factors of 22246?
2, 7, 227
What are the prime factors of 41735?
5, 17, 491
List the prime factors of 894.
2